{"id":88,"date":"2019-02-20T20:08:23","date_gmt":"2019-02-20T20:08:23","guid":{"rendered":"http:\/\/nemzetorseg.hu\/?page_id=88"},"modified":"2019-02-21T19:02:56","modified_gmt":"2019-02-21T19:02:56","slug":"muncheni-kepviselet","status":"publish","type":"page","link":"https:\/\/nemzetorseg.hu\/?page_id=88","title":{"rendered":"M\u00fcncheni k\u00e9pviselet"},"content":{"rendered":"\n<figure class=\"wp-block-image\"><img loading=\"lazy\" decoding=\"async\" width=\"600\" height=\"398\" src=\"http:\/\/nemzetorseg.hu\/wp-content\/uploads\/2019\/02\/EngelGy.jpg\" alt=\"\" class=\"wp-image-115\" srcset=\"https:\/\/nemzetorseg.hu\/wp-content\/uploads\/2019\/02\/EngelGy.jpg 600w, https:\/\/nemzetorseg.hu\/wp-content\/uploads\/2019\/02\/EngelGy-300x199.jpg 300w\" sizes=\"auto, (max-width: 600px) 100vw, 600px\" \/><\/figure>\n\n\n\n<p><strong>Dr. h.c.&nbsp;Georg Engel<\/strong><strong><br>\nChefredakteur und Herausgeber<\/strong><\/p>\n\n\n\n<p>Ich freue mich als Chefredakteur und\nHerausgeber, die weltweit abrufbare Onlinezeitschrift \u201eUngarnpanorama\u201c\nvorstellen zu d\u00fcrfen.<\/p>\n\n\n\n<p>Die Zeitschrift, die sich ganz den\nbayerisch-ungarischen Beziehungen, die seit 1000 Jahren mit der Staatsgr\u00fcndung\nUngarns bestehen, widmet, wird \u00fcber diesen Rahmen hinaus viele europ\u00e4ische\nThemen ansprechen, die einen Bezug zu Bayern und Ungarn haben.<br>\nDie engen Beziehungen zwischen Bayern und Gesamtdeutschland\nund Ungarn in allen gesellschaftlichen, wirtschaftlichen und kulturellen\nBereichen sind gerade auch durch die vielf\u00e4ltigen Begegnungen zwischen den\nMenschen immer enger geworden.<\/p>\n\n\n\n<p>Ich\nhabe es im Innersten im Laufe der ungarischen Geschichte au\u00dferdem der\n1848-49-es auf der Zeit eines Krieges der Unabh\u00e4ngigkeit und der\n1956-Revolution und eines Krieges der Unabh\u00e4ngigkeit, ich w\u00fcrde gern eine\nheroical Geschichte einer Miliz, seine Tradition, den Idealismus der zu den\nausgeb\u00fcrgerten auf der ganzen Welt pr\u00e4sentieren. Ich vertrete Magyar\nNemzet\u0151rs\u00e9g hiermit.<strong><\/strong><\/p>\n\n\n\n<p>&nbsp;Wir hoffen, dass Sie sich mit unserem\ndeutschsprachigen Magazin allumfassend \u00fcber Ungarn informieren k\u00f6nnen und\nselber ein Bild machen, sollten Sie das Land noch nicht kennen.<br>\n<br>\nIhnen eine interessante Lekt\u00fcre w\u00fcnschend verbleibe ich mit\nherzlichen Gr\u00fc\u00dfen<\/p>\n\n\n\n<p><br>\n<strong>Dr. h.c.&nbsp;Georg Engel<\/strong><strong><br>\nChefredakteur und Herausgeber<\/strong><\/p>\n\n\n\n<p>Magyarul:<\/p>\n\n\n\n<p>\u00d6r\u00fcl\u00f6k, hogy kiad\u00f3 f\u0151szerkeszt\u0151k\u00e9nt bemutathatom az eg\u00e9sz\nvil\u00e1got beh\u00e1l\u00f3z\u00f3 online magazint az Ungarnpanoram\u00e1t.<\/p>\n\n\n\n<p>Ez a magazin, ami teljesen a bajor-magyar kapcsolatoknak\nszenteli mag\u00e1t annak, ami Magyarorsz\u00e1g \u00e1llamalap\u00edt\u00e1s\u00e1val 1000 \u00e9ven kereszt\u00fcl\nl\u00e9teznek, ezen k\u00edv\u00fcl a keretet fog adni sok eur\u00f3pai t\u00e9m\u00e1nak, aminek van kapcsol\u00f3d\u00e1sa\nBajororsz\u00e1ggal \u00e9s Magyarorsz\u00e1ggal.<\/p>\n\n\n\n<p>Szoros kapcsolatot f\u0171z \u00f6ssze Bajororsz\u00e1g, az egyes\u00fclt\nN\u00e9metorsz\u00e1g \u00e9s Magyarorsz\u00e1g k\u00f6z\u00f6tt minden t\u00e1rsadalmi, gazdas\u00e1gi \u00e9s kultur\u00e1lis\nter\u00fcleten, valamint, amik az emberek k\u00f6zti v\u00e1ltozatos tal\u00e1lkoz\u00f3k \u00e1ltal fontoss\u00e1\nv\u00e1ltak.<\/p>\n\n\n\n<p>Tov\u00e1bb\u00e1 sz\u00edvemen viselem a magyar t\u00f6rt\u00e9nelem sor\u00e1n a\n1848-49-es Szabads\u00e1gharc \u00e9s az 1956-os Forradalom \u00e9s Szabads\u00e1gharc idej\u00e9n, Nemzet\u0151rs\u00e9g\nh\u0151si t\u00f6rt\u00e9net\u00e9t, hagyom\u00e1ny\u00e1t, melynek eszmeis\u00e9g\u00e9t szeretn\u00e9m bemutatni a\nk\u00fclf\u00f6ld\u00f6n \u00e9l\u0151knek az eg\u00e9sz vil\u00e1gon. Ez\u00faton k\u00e9pviselem a Magyar Nemzet\u0151rs\u00e9get.<\/p>\n\n\n\n<p>Rem\u00e9lj\u00fck, hogy a Magyarorsz\u00e1gon \u00e9l\u0151k a n\u00e9met nyelv\u0171\nmagazinunkkal \u00e1tfog\u00f3 k\u00e9pet kapnak arr\u00f3l, ami t\u00f6rt\u00e9nik a vil\u00e1gban.<\/p>\n\n\n\n<p>K\u00edv\u00e1nok sok \u00e9rdekes olvasni val\u00f3t! &nbsp;Maradok tisztelettel!<\/p>\n\n\n\n<p>Dr. h. c. Georg Engel<\/p>\n\n\n\n<p>kiad\u00f3 \u00e9s f\u0151szerkeszt\u0151<\/p>\n\n\n\n<figure class=\"wp-block-image\"><img loading=\"lazy\" decoding=\"async\" width=\"702\" height=\"1024\" src=\"http:\/\/nemzetorseg.hu\/wp-content\/uploads\/2019\/02\/kinevezesEGy-702x1024.jpg\" alt=\"\" class=\"wp-image-118\" srcset=\"https:\/\/nemzetorseg.hu\/wp-content\/uploads\/2019\/02\/kinevezesEGy-702x1024.jpg 702w, https:\/\/nemzetorseg.hu\/wp-content\/uploads\/2019\/02\/kinevezesEGy-206x300.jpg 206w, https:\/\/nemzetorseg.hu\/wp-content\/uploads\/2019\/02\/kinevezesEGy-768x1121.jpg 768w, https:\/\/nemzetorseg.hu\/wp-content\/uploads\/2019\/02\/kinevezesEGy.jpg 1111w\" sizes=\"auto, (max-width: 702px) 100vw, 702px\" \/><figcaption>lovag Dr. h. c. Engel Gy\u00f6rgy nemzet\u0151r dand\u00e1rt\u00e1bornoki kinevez\u00e9se.<br><br><\/figcaption><\/figure>\n\n\n\n<figure class=\"wp-block-image\"><img loading=\"lazy\" decoding=\"async\" width=\"745\" height=\"1024\" src=\"http:\/\/nemzetorseg.hu\/wp-content\/uploads\/2019\/02\/megb\u00edz\u00f3lev\u00e9l-745x1024.jpg\" alt=\"\" class=\"wp-image-119\" srcset=\"https:\/\/nemzetorseg.hu\/wp-content\/uploads\/2019\/02\/megb\u00edz\u00f3lev\u00e9l-745x1024.jpg 745w, https:\/\/nemzetorseg.hu\/wp-content\/uploads\/2019\/02\/megb\u00edz\u00f3lev\u00e9l-218x300.jpg 218w, https:\/\/nemzetorseg.hu\/wp-content\/uploads\/2019\/02\/megb\u00edz\u00f3lev\u00e9l-768x1056.jpg 768w, https:\/\/nemzetorseg.hu\/wp-content\/uploads\/2019\/02\/megb\u00edz\u00f3lev\u00e9l.jpg 1700w\" sizes=\"auto, (max-width: 745px) 100vw, 745px\" \/><figcaption>Megb\u00edz\u00f3lev\u00e9l.<\/figcaption><\/figure>\n","protected":false},"excerpt":{"rendered":"<p>Dr. h.c.&nbsp;Georg Engel Chefredakteur und Herausgeber Ich freue mich als Chefredakteur und Herausgeber, die weltweit abrufbare Onlinezeitschrift \u201eUngarnpanorama\u201c vorstellen zu d\u00fcrfen. Die Zeitschrift, die sich&hellip;<\/p>\n","protected":false},"author":1,"featured_media":0,"parent":0,"menu_order":0,"comment_status":"closed","ping_status":"closed","template":"","meta":{"footnotes":""},"class_list":["post-88","page","type-page","status-publish","hentry"],"_links":{"self":[{"href":"https:\/\/nemzetorseg.hu\/index.php?rest_route=\/wp\/v2\/pages\/88","targetHints":{"allow":["GET"]}}],"collection":[{"href":"https:\/\/nemzetorseg.hu\/index.php?rest_route=\/wp\/v2\/pages"}],"about":[{"href":"https:\/\/nemzetorseg.hu\/index.php?rest_route=\/wp\/v2\/types\/page"}],"author":[{"embeddable":true,"href":"https:\/\/nemzetorseg.hu\/index.php?rest_route=\/wp\/v2\/users\/1"}],"replies":[{"embeddable":true,"href":"https:\/\/nemzetorseg.hu\/index.php?rest_route=%2Fwp%2Fv2%2Fcomments&post=88"}],"version-history":[{"count":3,"href":"https:\/\/nemzetorseg.hu\/index.php?rest_route=\/wp\/v2\/pages\/88\/revisions"}],"predecessor-version":[{"id":120,"href":"https:\/\/nemzetorseg.hu\/index.php?rest_route=\/wp\/v2\/pages\/88\/revisions\/120"}],"wp:attachment":[{"href":"https:\/\/nemzetorseg.hu\/index.php?rest_route=%2Fwp%2Fv2%2Fmedia&parent=88"}],"curies":[{"name":"wp","href":"https:\/\/api.w.org\/{rel}","templated":true}]}}